2*o + 13. Calculate i(-1).
11
Let v(s) = -s**3 + 15*s**2 - 9*s - 2. Determine v(15).
-137
Let b(v) = -7*v + 10. What is b(4)?
-18
Let k(q) = -3*q + 12. Give k(-5).
27
Let d(r) = r**3 - 15*r**2 + 14*r + 8. Calculate d(14).
8
Let x(r) = 4*r - 68. Give x(14).
-12
Let y(z) = -2*z**3 - 8*z**2 - 6. Calculate y(-4).
-6
Let d(u) = 2*u**2 + 39*u + 74. What is d(-18)?
20
Let q(u) = u**3 + 15*u**2 + 28*u + 4. Determine q(-2).
0
Let c(n) = 2*n - 10. What is c(12)?
14
Let q(p) = -5*p + 26. Give q(8).
-14
Let p(r) = r - 5. What is p(0)?
-5
Let s(t) = 5*t**2 + t + 1. Determine s(-1).
5
Let k(p) = 9*p + 227. Give k(-25).
2
Let q(o) = -o**3 - 4*o**2 - 3*o - 3. Calculate q(-5).
37
Let j(l) = -2*l**2 - 5*l - 1. Calculate j(-5).
-26
Let v(k) = -2*k**2 + 54*k + 111. Give v(29).
-5
Let m(b) = -b**2 - 4*b + 7. Calculate m(-4).
7
Let l(o) = 2*o**2 - 5*o + 4. Calculate l(4).
16
Let q(u) = 3*u**3 + u**2 - 2*u. Determine q(2).
24
Let j(g) = -14*g - 286. Give j(-21).
8
Let o(i) = -16*i**2 + 6*i - 4. Give o(1).
-14
Let j(k) = -78*k + 1. Give j(-1).
79
Let d(q) = -4*q**2 - 7*q + 7. Determine d(-3).
-8
Let v(j) = -39*j**2 - 3*j - 2. What is v(-1)?
-38
Let d(w) = -4*w**3 - w**2 - w. Give d(2).
-38
Let j(f) = f**3 + 16*f**2 + 11*f - 24. Calculate j(-15).
36
Let r(n) = -2*n - 12. Give r(-6).
0
Let q(g) = -g**3 - 2*g**2 + g - 2. Calculate q(-3).
4
Let n(w) = -w**3 + 7*w**2 - 34. Give n(3).
2
Let t(n) = 3*n**2 - 5*n + 12. Calculate t(2).
14
Let b(h) = h**2 - 2*h - 25. Calculate b(7).
10
Let x(s) = 5*s + 8. Determine x(-4).
-12
Let h(y) = -3*y**2 - 16*y - 11. Give h(-5).
-6
Let a(n) = 7*n - 34. Determine a(5).
1
Let k(w) = 6*w**2 - 3*w - 1. Calculate k(2).
17
Let r(v) = v**2 + 18*v - 71. Calculate r(-21).
-8
Let l(u) = u**2 + 3*u. Calculate l(-4).
4
Let q(z) = 2*z - 1. Give q(-1).
-3
Let l(y) = -2*y**2 + 4*y - 1. Determine l(2).
-1
Let s(g) = -3*g - 8. Calculate s(6).
-26
Let u(t) = t**2 - 27*t - 201. Give u(33).
-3
Let u(i) = -7*i + 24. Determine u(12).
-60
Let f(i) = -i**3 - i**2 + 3*i - 2. Calculate f(-3).
7
Let t(b) = 2*b**3 - 7*b**2 - 5*b - 2. Calculate t(4).
-6
Let b(y) = y. Give b(-6).
-6
Let r(m) = 3*m**2 + 12*m. Calculate r(-4).
0
Let k(m) = 188*m**3 + 2*m**2 + 2*m + 1. Give k(-1).
-187
Let w(h) = 10*h + 3. What is w(4)?
43
Let u(d) = d**3 - 16*d**2 + 37*d - 13. Give u(13).
-39
Let v(s) = -s**3 + 7*s**2 + 4*s + 18. What is v(6)?
78
Let p(h) = -h**3 + 6*h**2 + 62*h - 17. Give p(11).
60
Let p(v) = 9*v - 170. Determine p(19).
1
Let w(g) = -g**3 - 11*g**2 - 5. Calculate w(-11).
-5
Let p(y) = -y**2 + y + 22. Determine p(-5).
-8
Let p(k) = k**3 + 5*k**2 - 4. Give p(-5).
-4
Let n(t) = t**3 - 4*t**2 - 7*t + 10. Give n(5).
0
Let m(c) = 9*c - 2. Determine m(3).
25
Let y(u) = -u**2 + 8*u + 1. Calculate y(7).
8
Let k(q) = -q**3 + q + 56. What is k(0)?
56
Let l(d) = 2*d**2 - 29*d - 29. Calculate l(14).
-43
Let p(y) = -18*y - 294. What is p(-16)?
-6
Let w(f) = -4*f + 3. Determine w(5).
-17
Let s(u) = u**2 - 22*u - 48. Determine s(24).
0
Let y(r) = 3*r**2 + 15*r - 6. Determine y(-7).
36
Let s(j) = -6*j - 47. Determine s(9).
-101
Let c(u) = u**2 - 8*u + 4. Calculate c(6).
-8
Let b(f) = 2*f**2 - 31*f - 18. Give b(17).
33
Let a(d) = 2*d**2 - 11*d. Determine a(8).
40
Let j(o) = 11*o - 40. What is j(4)?
4
Let p(q) = 2*q**2 + 20*q + 19. Calculate p(-12).
67
Let w(d) = 3*d + 16. Calculate w(-8).
-8
Let h(y) = y**3 + 20*y**2 + 19*y - 9. Calculate h(-19).
-9
Let r(l) = 2*l**2 + 7*l + 4. Determine r(-4).
8
Let w(v) = -v - 22. Determine w(-17).
-5
Let d(q) = -q + 11. Determine d(19).
-8
Let p(l) = l**2 - 25. Give p(-5).
0
Let x(j) = -30*j - 3. Give x(1).
-33
Let k(y) = 22*y + 3. What is k(-1)?
-19
Let t(n) = -n**2 + 2*n - 2. What is t(-4)?
-26
Let f(b) = -2*b**2 - 3*b - 3. What is f(-5)?
-38
Let q(b) = -3*b + 20. What is q(6)?
2
Let q(b) = b**3 - 3*b**2 - 13. Determine q(4).
3
Let h(c) = -c**2 - 45. Determine h(0).
-45
Let x(v) = -11*v**2 + 109*v + 12. What is x(10)?
2
Let j(s) = s**3 - 7*s**2 - 5*s - 5. Give j(7).
-40
Let c(f) = f**2 - 9*f + 50. Give c(6).
32
Let x(a) = a**2 - 10*a + 17. Calculate x(6).
-7
Let x(q) = -q**3 + q**2 + q + 20. Calculate x(0).
20
Let b(w) = 2*w**2 + 19*w - 94. Determine b(-13).
-3
Let y(n) = n**3 - n**2 + n + 13. What is y(-3)?
-26
Let m(j) = -9*j + 143. Determine m(20).
-37
Let j(a) = -9*a**2 - 5*a - 7. Determine j(-3).
-73
Let i(d) = 6*d**2 + 29*d + 27. Calculate i(-1).
4
Let j(p) = -5*p**2 + 8*p - 3. Determine j(3).
-24
Let b(n) = 5*n + 1. Determine b(1).
6
Let a(z) = 6*z + 81. Give a(-14).
-3
Let r(x) = 4*x**3 + 3*x**2 - x - 2. What is r(-2)?
-20
Let v(p) = -p**3 + 9*p**2 - 6*p. What is v(8)?
16
Let v(t) = t**2 + 7*t - 9. Determine v(1).
-1
Let a(t) = -t**2 + 5*t - 4. What is a(8)?
-28
Let t(x) = x**2 + 55*x + 4. Give t(0).
4
Let g(j) = 4*j**2 - 3*j - 3. Calculate g(3).
24
Let o(r) = r**3 + 7*r**2 + 8*r - 5. Determine o(-6).
-17
Let a(f) = -6*f - 1. Give a(9).
-55
Let s(g) = 7*g + 88. Calculate s(-13).
-3
Let l(z) = z**3 - 5*z**2 - z - 15. What is l(5)?
-20
Let w(l) = -2*l**2 + 12*l - 9. Calculate w(6).
-9
Let x(i) = i**3 - 13*i**2 - 18*i + 58. Give x(14).
2
Let n(g) = -g**3 + 12*g**2 - 3*g + 25. Determine n(12).
-11
Let o(f) = -f**2 - 11*f + 10. Give o(-14).
-32
Let n(l) = -l + 18. Determine n(16).
2
Let o(k) = -6*k + 1. Determine o(-2).
13
Let q(u) = u - 20. Give q(0).
-20
Let x(o) = -10*o + 6. What is x(5)?
-44
Let b(m) = -m**2 + 14*m - 45. Give b(10).
-5
Let n(j) = -j**3 - 14*j**2 - j - 15. Determine n(-14).
-1
Let g(h) = h**2 - 2*h - 4. Determine g(5).
11
Let z(c) = c**2 + 10*c - 11. Determine z(-12).
13
Let n(m) = m**3 + 11*m**2 + 12*m + 131. Determine n(-11).
-1
Let v(b) = -b + 17. Determine v(6).
11
Let k(d) = 5*d**2 - d - 1. Give k(-1).
5
Let c(h) = h**2 - 10*h - 65. What is c(14)?
-9
Let h(i) = i**3 - 10*i**2 + 26*i - 6. Calculate h(4).
2
Let f(r) = -2*r + 12. Calculate f(4).
4
Let p(d) = d**2 + 4*d - 2. Give p(1).
3
Let u(d) = 2*d**3 - d**2 + d + 2. Determine u(-1).
-2
Let z(n) = n**3 + 8*n**2 - 7. Give z(-8).
-7
Let w(z) = 5*z + 13. Calculate w(-9).
-32
Let g(s) = -s - 1. What is g(-6)?
5
Let n(x) = x. What is n(-11)?
-11
Let g(w) = w**3 - 11*w**2 + 24*w + 4. Give g(8).
4
Let c(n) = n + 15. What is c(-13)?
2
Let l(d) = -2*d + 31. Calculate l(20).
-9
Let o(r) = r**3 - 18*r**2 + 29*r - 198. Give o(17).
6
Let s(y) = 2*y**2 + 6*y + 2. Determine s(-4).
10
Let m(i) = 5*i**2 + 5*i + 1. Calculate m(-4).
61
Let m(t) = -t + 1. Calculate m(-5).
6
Let a(d) = d**2 + 12*d + 29. Determine a(-7).
-6
Let x(n) = -4*n - 13. Calculate x(-5).
7
Let i(d) = -d**2 + 2*d - 2. Calculate i(2).
-2
Let y(w) = -w + 22. Calculate y(12).
10
Let c(i) = -i - 10. Give c(-6).
-4
Let p(u) = -u**3 - 6*u**2 - 8*u - 9. Give p(-5).
6
Let g(k) = k**2 - k. What is g(1)?
0
Let n(j) = -6*j - 4. Determine n(-8).
44
Let j(q) = q**3 + 7*q**2 - 4. Calculate j(-7).
-4
Let m(l) = -l**2 - 8*l + 10. Give m(-7).
17
Let s(q) = -24*q + 9. Calculate s(1).
-15
Let j(q) = -43*q - 56. Calculate j(-2).
30
Let x(d) = -192*d - 1930. Give x(-10).
-10
Let a(g) = 17*g - 9. Give a(-4).
-77
Let u(o) = -o**2 + 4*o + 3. Determine u(-2).
-9
Let s(m) = -60*m**3 - 2*m**2 - 3*m - 1. Calculate s(-1).
60
Let w(m) = 6*m + 12. Give w(-6).
-24
Let c(y) = y**3 + 5*y**2 - y + 3. Determine c(-4).
23
Let c(s) = -23*s**2 - s + 1. What is c(1)?
-23
Let m(d) = 4*d + 50. Give m(-12).
2
Let j(f) = 4*f**2 - 10*f - 31. Determine j(4).
-7
Let d(q) = 9*q + 33. Determine d(15).
168
Let x(m) = 2*m**2 + 3*m - 1. Calculate x(-6).
53
Let c(b) = 3*b**2 + 1. Calculate c(1).
4
Let y(x) = -2*x**2 - 60*x - 442. What is y(-16)?
6
Let b(h) = -2*h**3 + 7*h**2 - 6*h + 2. Determine b(3).
-7
Let a(b) = b**2 - 21*b + 117. What is a(13)?
13
Let b(s) = -s - 53. What is b(-40)?
-13
Let h(t) = -t**3 - 17*t**2 - 13*t + 11. Give h(-16).
-37
Let d(h) = -h - 39. Give d(-44).
5
Let b(w) = 10*w - 29. Determine b(3).
1
Let v(p) = 4*p**2 - 8*p - 7. Calculate v(3).
5
Let d(j) = 2*j**3 + 18*j**2 - 2*j - 20. What is d(-9)?
-2
Let x(k) = -2*k**2 - 73*k - 77. Calculate x(-35).
28
Let h(n) = -n**3 - 5*n**2 + 7*n + 5. Calculate h(-5).
-30
Let o(h) = -h**2 + 2*h + 15. What is o(-4)?
-9
Let j(i) = 7*i**2 + 4*i - 3. Calculate j(0).
-3
Let b(x) = -x**2 + 5*x - 1. Give b(2).
5
Let w(r) = 9*r**3 - 3*r - 1. Give w(-2).
-67
Let k(l) = l**2 + 5*l + 14. Give k(-7).
28
Let a(b) = b*